1/(-2)) - -1 - -329. What is the highest common factor of 246 and k?
82
Let x be ((-13)/1 - (-2 - -5))*-44. What is the greatest common divisor of 22 and x?
22
Let z = -82 - -72. Let f be (-2 + 115/z)/(6/(-16)). Suppose -6*y + 48 = -4*y. Calculate the highest common divisor of y and f.
12
Suppose 3 = -5*d + 128. Let k = d - 10. Let u(g) = -7*g - 93. Let s be u(-14). Calculate the greatest common factor of s and k.
5
Let k(j) = -2*j**3 - 24*j**2 - 73*j - 25. Let b be k(-8). Let f(d) = 7*d**2 - 3*d - 2. Let i be f(-5). Calculate the highest common divisor of i and b.
47
Let w(l) = -l + 4*l**2 - 3*l**2 + 1 + 12*l**3 - 2*l**2. Let c = -160 - -162. Let o be w(c). What is the highest common divisor of o and 13?
13
Let q(s) = -s**2 - 23*s + 8. Let n be q(-23). Let z(b) = -5 - 8*b + 15 + 11*b + 37*b. Let h be z(n). Calculate the greatest common divisor of h and 30.
30
Let v be 17 + (-4)/(-34) + (-1104)/136. What is the highest common divisor of v and 1980?
9
Suppose -15 = -3*g - 5*i, -g + 1 = 4*i - 4. Calculate the greatest common divisor of 20 and g.
5
Suppose -5*z + 4*q = -38, 2*q = z - 3*q + 5. What is the greatest common divisor of 85 and z?
5
Let h be (-10)/(-45) - (1 - 25/9). Suppose 5*p + 109 = 2*c, c - h*p - 53 = 2*p. Suppose -57 = -7*n + 4*n. What is the highest common factor of n and c?
19
Let b be -6*((-23)/(-3) + -10). Suppose g - 110 = 16. Calculate the greatest common factor of b and g.
14
Suppose 0*g + 18*g = 450. Let b = -13 + 23. What is the greatest common divisor of g and b?
5
Let c(r) be the second derivative of -r**4/12 - 7*r**3/6 - r**2/2 + 4*r. Let o be c(-3). Calculate the greatest common divisor of o and 1.
1
Suppose -2*k + d - 3*d - 8 = 0, 0 = -3*k + 3*d + 6. Let t be (-2 + (2 - 1))/k. Calculate the highest common divisor of t and 5.
1
Let c(v) = 12*v**2 + 8. Let d be c(-5). Let s be -2*(d/(-8))/11. Calculate the greatest common factor of s and 56.
7
Suppose 20*w - 22*w = -10. Suppose -2*z = -3*p - 142, -2*z = w*p + 86 - 260. Calculate the greatest common factor of z and 7.
7
Suppose 21*y = 20*y + 756. What is the highest common divisor of y and 168?
84
Suppose 34 + 198 = 58*y. What is the greatest common divisor of y and 4?
4
Let n be 1/(-4) - (-8 + 265/(-20)). Let l = -91 - -280. What is the highest common factor of l and n?
21
Let a(n) = 33*n**3 - n**2 - n + 2. Let r be a(1). Let w be 1128/51 - 4/34. What is the highest common divisor of r and w?
11
Suppose -c = 4*l - 4*c - 4, -32 = -4*l - 4*c. Suppose 0 = -l*s - s + 250. Suppose -3*v = -490 - s. What is the greatest common factor of v and 20?
20
Let y be (162 - -1)/(((-96)/(-45))/32). What is the greatest common divisor of y and 30?
15
Let f be (2/(-6))/(40/(-2580))*4. Calculate the highest common divisor of 215 and f.
43
Let a = -27 + 36. Let v(q) = -q**2 - 4*q + 8. Let n be v(-4). Let k be (n/(-5))/(10/(-450)). Calculate the greatest common divisor of a and k.
9
Let z = 22 - 4. Suppose -3*t - z = -6*t. Let x be (-64)/(-6) + t/18. What is the highest common divisor of x and 77?
11
Let j be 1 + 0 - (-6 + 5). Let a be -28 - (-1)/(-1 + j). Let q be -3 + (a*7)/(-3). What is the highest common divisor of 15 and q?
15
Let n = 211 + -107. Let q = -53 + 66. Calculate the greatest common factor of n and q.
13
Let t be 296/10 - 2/(-5). Let o = 33 + -18. Calculate the highest common divisor of t and o.
15
Suppose -12*k + 10*k = -18. Let q be (-10 + k)/((-2)/176). Suppose -5*p + 2*b + q = 0, 23 + 16 = 2*p + 3*b. Calculate the greatest common factor of p and 90.
18
Suppose 0 = -2*f - 5*j + 49, -12*f + 22*j + 91 = 23*j. Suppose 5*d = -3*i + 310 - 30, -3*i + 112 = 2*d. What is the greatest common factor of f and d?
7
Suppose -5*r + 0*r = 15, r = -x + 8. Let f(g) = 0*g - 2*g + 19 + g. Let t be f(x). Calculate the greatest common factor of t and 72.
8
Let w = 6 + 6. Suppose 0 = 8*d - 581 - 3. Let q = -13 + d. What is the highest common divisor of q and w?
12
Let x(v) = v**3 - 45*v**2 - 86*v + 84. Let j be x(48). What is the greatest common divisor of 12 and j?
12
Let g be (2/(-1) - -2) + 136. Calculate the highest common divisor of 17 and g.
17
Let p be -26 - ((-5)/(-10))/((-2)/4). Let c = p - -333. What is the greatest common divisor of 28 and c?
28
Let c = 39 + 17. Suppose 0 = 4*b + 2*y + 2*y + c, -3*b + 3*y - 42 = 0. Let i be ((-6)/21)/(2/b). What is the highest common divisor of 1 and i?
1
Let x be 1*(-5)/6 - 6401/(-222). Calculate the highest common divisor of x and 504.
28
Suppose -46*q + 42*q + 108 = 0. Calculate the greatest common factor of q and 27.
27
Let p = -1117 - -1934. What is the greatest common factor of 43 and p?
43
Suppose 5*g + 247 - 867 = 0. Let y = 61 + -30. What is the highest common divisor of y and g?
31
Let l be 4 + ((-64)/(-2))/(-2). Let x be (-39)/13 - (l + 1). Calculate the greatest common factor of x and 88.
8
Suppose 9*c - 22 = -58. Let z(u) = 6*u**2 + 7*u + 7. Let t be z(c). Calculate the greatest common divisor of 30 and t.
15
Let a(n) = 4*n**3 - 5*n**2 - 26*n + 80. Let d be a(8). Calculate the greatest common divisor of d and 25.
25
Suppose -3*n + 6 = -6. Suppose -5*l + 43 = -2*x, -n*l + 0*x = x - 37. Let r = l - 2. Calculate the greatest common divisor of r and 21.
7
Let q be (-6)/24 - (-61)/4. Suppose -2*k = 2*y - 20, 5*k = y + k + q. Calculate the highest common factor of y and 3.
1
Suppose -6*r - 927 = -9*r. Calculate the highest common divisor of r and 515.
103
Let l(s) = s + 1. Let i(b) = 3*b + 5. Let q(o) = i(o) - 4*l(o). Let a be q(-2). What is the greatest common factor of 24 and a?
3
Let b(o) = -2*o**2 - 5 - 2 + 5*o + 3*o**2 + 12. Let k be b(-6). Let c(x) = x**2 + 3*x + 13. Let l be c(9). What is the greatest common divisor of l and k?
11
Let b = 4134 - 2915. Calculate the greatest common divisor of 23 and b.
23
Let l = -119 + 203. Calculate the highest common divisor of l and 36.
12
Suppose -22*y = -29*y + 126. Calculate the greatest common factor of 342 and y.
18
Let p(c) = -3*c**3 - 21*c**2 + 19*c + 12. Let m be p(-8). What is the highest common factor of m and 260?
52
Let q(l) = -l**2 + 24*l - 62. Let i be q(19). What is the highest common divisor of i and 264?
33
Suppose 3*f + 22 = 73. Suppose 3*m - f = 4. Let w = 7 + m. Calculate the greatest common divisor of 7 and w.
7
Suppose 0 = -10*w + 7119 - 89. Calculate the highest common factor of w and 19.
19
Suppose -7*v = -4 - 185. Calculate the greatest common divisor of 153 and v.
9
Suppose 3*x - 10 - 5 = 0. Let r(v) = -2*v**3 + 5*v**3 - 2*v**3 - v**2 + 2 - 4*v**2 + v. Let g be r(x). Calculate the highest common divisor of 21 and g.
7
Suppose -3*r - 12 = -3*t, 3*r + 1 = -5*t - 35. Let j = r + 9. Let b be j/1*30 + 0. Calculate the highest common divisor of 24 and b.
12
Suppose 18*i - 305 = 16*i - u, 0 = -4*i + 3*u + 605. What is the highest common divisor of i and 8?
8
Let l = 108 - 96. Let t(u) = 9*u + 9. Let h be t(3). Calculate the greatest common factor of h and l.
12
Suppose -2*t = 5*s - 1931, 0*t + t + 767 = 2*s. What is the greatest common divisor of s and 55?
55
Let o = 33 - 20. Let b = -7 + o. Let f(v) = v**3 + 8*v**2 - 10*v - 5. Let n be f(-9). Calculate the highest common factor of n and b.
2
Suppose 9*v = -13 + 40. Suppose 0*m - v*m = 3*h - 1227, 3*m + 4*h = 1222. Calculate the highest common divisor of 46 and m.
46
Let f = 92 - -68. Calculate the highest common divisor of 5 and f.
5
Let t = -11 + 15. Suppose 81 = i - d, 4*i - 3*d = -0*d + 319. What is the highest common factor of t and i?
4
Let l be (-10)/(-35) + (-920)/(-14). Suppose -4*v + 10 + l = 0. Calculate the greatest common divisor of v and 76.
19
Let y = 16 - 14. Suppose -y*s + s - 18 = 0. Let h = s + 29. What is the greatest common divisor of 44 and h?
11
Let h(g) = -g. Let y be h(-4). Suppose y*w + 282 - 1830 = 0. Suppose 90 - w = -3*q. What is the highest common divisor of 11 and q?
11
Suppose -131*g = -104*g - 81. Let w(b) = b**3 - 2*b**2 - b - 4. Let l be w(3). Calculate the highest common divisor of g and l.
1
Let g(u) = 7*u**3 + 19*u**2 - 6*u + 8. Let s be g(7). What is the highest common factor of s and 34?
34
Let m(s) be the third derivative of -s**5/60 + s**4/3 + s**3/2 - 9*s**2. Let k be m(7). What is the greatest common divisor of 5 and k?
5
Suppose -299 + 137 = -2*q. What is the greatest common factor